{"id":489,"date":"2026-05-11T18:13:07","date_gmt":"2026-05-11T16:13:07","guid":{"rendered":"https:\/\/ireferendum.pl\/?page_id=489"},"modified":"2026-05-11T18:14:03","modified_gmt":"2026-05-11T16:14:03","slug":"warunki","status":"publish","type":"page","link":"https:\/\/ireferendum.pl\/?page_id=489","title":{"rendered":"Warunki"},"content":{"rendered":"\n<p>Koszt wyslania jednej wiadomosci SMS wynosi 1zl netto + 23% VAT.<br>Nie zale\u017cnie od ilo\u015bci wys\u0142anych wiadomo\u015bci, do wynik\u00f3w ankiety zaliczany jest tylko tw\u00f3j pierwszy g\u0142os. Op\u0142ata w wysoko\u015bci 1,23z\u0142 brutto, naliczana jest za ka\u017cdego wyslanego SMS-a.<\/p>\n","protected":false},"excerpt":{"rendered":"<p>Koszt wyslania jednej wiadomosci SMS wynosi 1zl netto + 23% VAT.Nie zale\u017cnie od ilo\u015bci wys\u0142anych wiadomo\u015bci, do wynik\u00f3w ankiety zaliczany jest tylko tw\u00f3j pierwszy g\u0142os. Op\u0142ata w wysoko\u015bci 1,23z\u0142 brutto, naliczana jest za ka\u017cdego wyslanego SMS-a.<\/p>\n","protected":false},"author":1,"featured_media":0,"parent":0,"menu_order":0,"comment_status":"closed","ping_status":"closed","template":"","meta":{"footnotes":""},"class_list":["post-489","page","type-page","status-publish","hentry"],"yoast_head":"<!-- This site is optimized with the Yoast SEO plugin v27.5 - https:\/\/yoast.com\/product\/yoast-seo-wordpress\/ -->\n<title>Warunki - iReferendum.pl<\/title>\n<meta name=\"robots\" content=\"noindex, follow, max-snippet:-1, max-image-preview:large, max-video-preview:-1\" \/>\n<meta property=\"og:locale\" content=\"pl_PL\" \/>\n<meta property=\"og:type\" content=\"article\" \/>\n<meta property=\"og:title\" content=\"Warunki - iReferendum.pl\" \/>\n<meta property=\"og:description\" content=\"Koszt wyslania jednej wiadomosci SMS wynosi 1zl netto + 23% VAT.Nie zale\u017cnie od ilo\u015bci wys\u0142anych wiadomo\u015bci, do wynik\u00f3w ankiety zaliczany jest tylko tw\u00f3j pierwszy g\u0142os. Op\u0142ata w wysoko\u015bci 1,23z\u0142 brutto, naliczana jest za ka\u017cdego wyslanego SMS-a.\" \/>\n<meta property=\"og:url\" content=\"https:\/\/ireferendum.pl\/?page_id=489\" \/>\n<meta property=\"og:site_name\" content=\"iReferendum.pl\" \/>\n<meta property=\"article:modified_time\" content=\"2026-05-11T16:14:03+00:00\" \/>\n<meta name=\"twitter:card\" content=\"summary_large_image\" \/>\n<meta name=\"twitter:label1\" content=\"Szacowany czas czytania\" \/>\n\t<meta name=\"twitter:data1\" content=\"1 minuta\" \/>\n<script type=\"application\/ld+json\" class=\"yoast-schema-graph\">{\"@context\":\"https:\\\/\\\/schema.org\",\"@graph\":[{\"@type\":\"WebPage\",\"@id\":\"https:\\\/\\\/ireferendum.pl\\\/?page_id=489\",\"url\":\"https:\\\/\\\/ireferendum.pl\\\/?page_id=489\",\"name\":\"Warunki - iReferendum.pl\",\"isPartOf\":{\"@id\":\"https:\\\/\\\/ireferendum.pl\\\/#website\"},\"datePublished\":\"2026-05-11T16:13:07+00:00\",\"dateModified\":\"2026-05-11T16:14:03+00:00\",\"breadcrumb\":{\"@id\":\"https:\\\/\\\/ireferendum.pl\\\/?page_id=489#breadcrumb\"},\"inLanguage\":\"pl-PL\",\"potentialAction\":[{\"@type\":\"ReadAction\",\"target\":[\"https:\\\/\\\/ireferendum.pl\\\/?page_id=489\"]}]},{\"@type\":\"BreadcrumbList\",\"@id\":\"https:\\\/\\\/ireferendum.pl\\\/?page_id=489#breadcrumb\",\"itemListElement\":[{\"@type\":\"ListItem\",\"position\":1,\"name\":\"Home\",\"item\":\"https:\\\/\\\/ireferendum.pl\\\/\"},{\"@type\":\"ListItem\",\"position\":2,\"name\":\"Warunki\"}]},{\"@type\":\"WebSite\",\"@id\":\"https:\\\/\\\/ireferendum.pl\\\/#website\",\"url\":\"https:\\\/\\\/ireferendum.pl\\\/\",\"name\":\"iReferendum.pl\",\"description\":\"ireferendum\",\"potentialAction\":[{\"@type\":\"SearchAction\",\"target\":{\"@type\":\"EntryPoint\",\"urlTemplate\":\"https:\\\/\\\/ireferendum.pl\\\/?s={search_term_string}\"},\"query-input\":{\"@type\":\"PropertyValueSpecification\",\"valueRequired\":true,\"valueName\":\"search_term_string\"}}],\"inLanguage\":\"pl-PL\"}]}<\/script>\n<!-- \/ Yoast SEO plugin. -->","yoast_head_json":{"title":"Warunki - iReferendum.pl","robots":{"index":"noindex","follow":"follow","max-snippet":"max-snippet:-1","max-image-preview":"max-image-preview:large","max-video-preview":"max-video-preview:-1"},"og_locale":"pl_PL","og_type":"article","og_title":"Warunki - iReferendum.pl","og_description":"Koszt wyslania jednej wiadomosci SMS wynosi 1zl netto + 23% VAT.Nie zale\u017cnie od ilo\u015bci wys\u0142anych wiadomo\u015bci, do wynik\u00f3w ankiety zaliczany jest tylko tw\u00f3j pierwszy g\u0142os. Op\u0142ata w wysoko\u015bci 1,23z\u0142 brutto, naliczana jest za ka\u017cdego wyslanego SMS-a.","og_url":"https:\/\/ireferendum.pl\/?page_id=489","og_site_name":"iReferendum.pl","article_modified_time":"2026-05-11T16:14:03+00:00","twitter_card":"summary_large_image","twitter_misc":{"Szacowany czas czytania":"1 minuta"},"schema":{"@context":"https:\/\/schema.org","@graph":[{"@type":"WebPage","@id":"https:\/\/ireferendum.pl\/?page_id=489","url":"https:\/\/ireferendum.pl\/?page_id=489","name":"Warunki - iReferendum.pl","isPartOf":{"@id":"https:\/\/ireferendum.pl\/#website"},"datePublished":"2026-05-11T16:13:07+00:00","dateModified":"2026-05-11T16:14:03+00:00","breadcrumb":{"@id":"https:\/\/ireferendum.pl\/?page_id=489#breadcrumb"},"inLanguage":"pl-PL","potentialAction":[{"@type":"ReadAction","target":["https:\/\/ireferendum.pl\/?page_id=489"]}]},{"@type":"BreadcrumbList","@id":"https:\/\/ireferendum.pl\/?page_id=489#breadcrumb","itemListElement":[{"@type":"ListItem","position":1,"name":"Home","item":"https:\/\/ireferendum.pl\/"},{"@type":"ListItem","position":2,"name":"Warunki"}]},{"@type":"WebSite","@id":"https:\/\/ireferendum.pl\/#website","url":"https:\/\/ireferendum.pl\/","name":"iReferendum.pl","description":"ireferendum","potentialAction":[{"@type":"SearchAction","target":{"@type":"EntryPoint","urlTemplate":"https:\/\/ireferendum.pl\/?s={search_term_string}"},"query-input":{"@type":"PropertyValueSpecification","valueRequired":true,"valueName":"search_term_string"}}],"inLanguage":"pl-PL"}]}},"_links":{"self":[{"href":"https:\/\/ireferendum.pl\/index.php?rest_route=\/wp\/v2\/pages\/489","targetHints":{"allow":["GET"]}}],"collection":[{"href":"https:\/\/ireferendum.pl\/index.php?rest_route=\/wp\/v2\/pages"}],"about":[{"href":"https:\/\/ireferendum.pl\/index.php?rest_route=\/wp\/v2\/types\/page"}],"author":[{"embeddable":true,"href":"https:\/\/ireferendum.pl\/index.php?rest_route=\/wp\/v2\/users\/1"}],"replies":[{"embeddable":true,"href":"https:\/\/ireferendum.pl\/index.php?rest_route=%2Fwp%2Fv2%2Fcomments&post=489"}],"version-history":[{"count":2,"href":"https:\/\/ireferendum.pl\/index.php?rest_route=\/wp\/v2\/pages\/489\/revisions"}],"predecessor-version":[{"id":491,"href":"https:\/\/ireferendum.pl\/index.php?rest_route=\/wp\/v2\/pages\/489\/revisions\/491"}],"wp:attachment":[{"href":"https:\/\/ireferendum.pl\/index.php?rest_route=%2Fwp%2Fv2%2Fmedia&parent=489"}],"curies":[{"name":"wp","href":"https:\/\/api.w.org\/{rel}","templated":true}]}}